{"id":7345,"date":"2026-02-19T17:43:04","date_gmt":"2026-02-19T16:43:04","guid":{"rendered":"https:\/\/istitutosuperioresezze.edu.it\/scuola\/?page_id=7345"},"modified":"2026-04-25T08:27:26","modified_gmt":"2026-04-25T06:27:26","slug":"listituto-oltre-i-confini-un-ponte-verso-leuropa-tra-esperienze-fsl-e-programma-erasmus","status":"publish","type":"page","link":"https:\/\/istitutosuperioresezze.edu.it\/scuola\/listituto-oltre-i-confini-un-ponte-verso-leuropa-tra-esperienze-fsl-e-programma-erasmus\/","title":{"rendered":"Il nostro Istituto oltre i confini: un ponte verso l&#8217;Europa con l&#8217;Erasmus e la Formazione Scuola Lavoro"},"content":{"rendered":"<p data-path-to-node=\"4\">Il nostro Istituto non si ferma alle mura delle aule, ma continua ad ampliare i propri orizzonti confermandosi una realt\u00e0 in costante fermento. In un mondo sempre pi\u00f9 interconnesso, l&#8217;esperienza diretta all&#8217;estero rappresenta un tassello insostituibile per la crescita personale, linguistica e professionale dei nostri ragazzi. \u00c8 con questo spirito che la scuola sta portando avanti una serie di ambiziosi progetti di mobilit\u00e0 internazionale, trasformando l&#8217;Europa in un&#8217;estensione naturale del nostro campus.<\/p>\n<h4 data-path-to-node=\"5\">In viaggio per crescere: le esperienze FSL in corso<\/h4>\n<p data-path-to-node=\"6\">Proprio in questi giorni, l&#8217;entusiasmo dei nostri studenti sta animando due importanti centri europei. Due gruppi sono attualmente impegnati in esperienze di FSL (Formazione Scuola Lavoro, ex PCTO):<\/p>\n<ul data-path-to-node=\"7\">\n<li>\n<p data-path-to-node=\"7,0,0\"><b data-path-to-node=\"7,0,0\" data-index-in-node=\"0\">Monaco di Baviera:<\/b> dove i ragazzi si stanno confrontando con la solida realt\u00e0 economica e culturale tedesca.<\/p>\n<\/li>\n<li>\n<p data-path-to-node=\"7,1,0\"><b data-path-to-node=\"7,1,0\" data-index-in-node=\"0\">Nizza:<\/b> un&#8217;immersione totale nel contesto francofono, ideale per affinare le competenze linguistiche e relazionali. <a href=\"https:\/\/istitutosuperioresezze.edu.it\/scuola\/wp-content\/uploads\/2026\/03\/Le-voci-di-Nizza.pdf\">Le voci di Nizza<\/a><\/p>\n<\/li>\n<\/ul>\n<p data-path-to-node=\"8\">Questi percorsi non sono semplici &#8220;gite&#8221;, ma vere e proprie palestre di vita che permettono agli studenti di mettersi alla prova in contesti reali, sviluppando quelle <i data-path-to-node=\"8\" data-index-in-node=\"167\">soft skills<\/i> oggi indispensabili, come l&#8217;adattabilit\u00e0, l&#8217;autonomia e il problem-solving.<\/p>\n<h4 data-path-to-node=\"9\">Il progetto Erasmus: le prossime mete e l&#8217;accoglienza<\/h4>\n<p data-path-to-node=\"3\">La vocazione internazionale dell\u2019Istituto ha trovato ulteriore slancio nelle settimane scorse grazie al consolidato programma Erasmus. L\u2019agenda delle partenze, che si era presentata gi\u00e0 fitta, ha visto tre gruppi di studenti fare i bagagli con destinazione: <b data-path-to-node=\"4,0,0\" data-index-in-node=\"0\">Hannover<\/b> (Germania), <b data-path-to-node=\"4,1,0\" data-index-in-node=\"0\">Barcellona<\/b> (Spagna), <b>Kaunas <\/b>(Lituania). Il racconto dell&#8217;evento a questo <a href=\"https:\/\/istitutosuperioresezze.edu.it\/scuola\/leuropa-si-incontra-a-sezze\/\">link<\/a>.<\/p>\n<p data-path-to-node=\"5\">Il valore formativo dell\u2019Erasmus, tuttavia risiede\u00a0anche nella sua straordinaria reciprocit\u00e0. La dinamicit\u00e0 della nostra scuola si \u00e8 espressa infatti non solo nella capacit\u00e0 di \u201cesportare\u201d i nostri talenti, ma anche nell\u2019essere stata un polo di accoglienza. Nel mese di aprile, le nostre aule si sono aperte per ospitare diversi gruppi di studenti stranieri in arrivo dai Paesi partner.<\/p>\n<header class=\"cartouche\">\n<h4><span class=\"titre\"><span dir=\"auto\">Viarmes-Sezze: uno scambio tra latinisti europei<\/span><\/span><\/h4>\n<p data-path-to-node=\"4\">Quest&#8217;anno, gli studenti di latino delle classi \u00a0hanno avviato un affascinante scambio epistolare con i loro coetanei del Coll\u00e8ge &#8220;Blaise Pascal&#8221; di Viarmes, cittadina france nell&#8217;\u00cele-de-France.\u00a0Le lettere, rigorosamente scritte in <b data-path-to-node=\"5\" data-index-in-node=\"37\">lingua latina<\/b>, non sono semplici messaggi, ma vere opere d&#8217;arte: i nostri ragazzi stanno infatti sperimentando l&#8217;uso di calligrafie ispirate ai codici antichi e medievali, riscoprendo il valore della scrittura amanuense.<\/p>\n<p data-path-to-node=\"7\">Il progetto vivr\u00e0 il suo momento pi\u00f9 alto a <b data-path-to-node=\"7\" data-index-in-node=\"44\">maggio 2026<\/b>, quando avremo l&#8217;onore di ospitare qui a Sezze i nostri &#8220;amici di penna&#8221; francesi. Sar\u00e0 un\u2019occasione speciale di confronto culturale che coinvolger\u00e0 anche gli studenti pi\u00f9 grandi, impegnati a far vivere ai nostri ospiti la bellezza del territorio e il fascino immortale di Roma. Al seguente <a href=\"https:\/\/clg-pascal-viarmes.ac-versailles.fr\/spip.php?article737\">link<\/a> i dettagli pubblicati dalla scuola di Viarmes.<\/p>\n<\/header>\n<h4 data-path-to-node=\"13\">Un valore aggiunto per tutta la comunit\u00e0 scolastica<\/h4>\n<p data-path-to-node=\"14\">L&#8217;arrivo delle delegazioni europee ad aprile rappresenter\u00e0 un momento di grande arricchimento anche per chi non parte. L&#8217;interscambio culturale quotidiano nei corridoi, il confronto sulle diverse metodologie di studio e la nascita di nuove amicizie internazionali contribuiranno a creare un ambiente multiculturale stimolante, rendendo l&#8217;intera comunit\u00e0 scolastica protagonista di questa apertura verso il mondo.<\/p>\n<p data-path-to-node=\"15\">Viaggiare, accogliere, confrontarsi: \u00e8 questa la didattica che guarda al futuro.<\/p>\n<p data-path-to-node=\"15\"><img decoding=\"async\" class=\"alignnone size-medium wp-image-7338\" src=\"https:\/\/istitutosuperioresezze.edu.it\/scuola\/wp-content\/uploads\/2026\/02\/monaco-300x173.jpg\" alt=\"\" width=\"300\" height=\"173\" srcset=\"https:\/\/istitutosuperioresezze.edu.it\/scuola\/wp-content\/uploads\/2026\/02\/monaco-300x173.jpg 300w, https:\/\/istitutosuperioresezze.edu.it\/scuola\/wp-content\/uploads\/2026\/02\/monaco-433x250.jpg 433w, https:\/\/istitutosuperioresezze.edu.it\/scuola\/wp-content\/uploads\/2026\/02\/monaco.jpg 594w\" sizes=\"(max-width: 300px) 100vw, 300px\" \/> <img decoding=\"async\" class=\"alignnone size-medium wp-image-7339\" src=\"https:\/\/istitutosuperioresezze.edu.it\/scuola\/wp-content\/uploads\/2026\/02\/nizza-300x173.jpg\" alt=\"\" width=\"300\" height=\"173\" srcset=\"https:\/\/istitutosuperioresezze.edu.it\/scuola\/wp-content\/uploads\/2026\/02\/nizza-300x173.jpg 300w, https:\/\/istitutosuperioresezze.edu.it\/scuola\/wp-content\/uploads\/2026\/02\/nizza-433x250.jpg 433w, https:\/\/istitutosuperioresezze.edu.it\/scuola\/wp-content\/uploads\/2026\/02\/nizza.jpg 594w\" sizes=\"(max-width: 300px) 100vw, 300px\" \/> <img decoding=\"async\" class=\"alignnone size-medium wp-image-7340\" src=\"https:\/\/istitutosuperioresezze.edu.it\/scuola\/wp-content\/uploads\/2026\/02\/hannover-300x173.jpg\" alt=\"\" width=\"300\" height=\"173\" srcset=\"https:\/\/istitutosuperioresezze.edu.it\/scuola\/wp-content\/uploads\/2026\/02\/hannover-300x173.jpg 300w, https:\/\/istitutosuperioresezze.edu.it\/scuola\/wp-content\/uploads\/2026\/02\/hannover-433x250.jpg 433w, https:\/\/istitutosuperioresezze.edu.it\/scuola\/wp-content\/uploads\/2026\/02\/hannover.jpg 594w\" sizes=\"(max-width: 300px) 100vw, 300px\" \/><img decoding=\"async\" class=\"alignnone size-medium wp-image-7341\" src=\"https:\/\/istitutosuperioresezze.edu.it\/scuola\/wp-content\/uploads\/2026\/02\/BCN-300x173.jpg\" alt=\"\" width=\"300\" height=\"173\" srcset=\"https:\/\/istitutosuperioresezze.edu.it\/scuola\/wp-content\/uploads\/2026\/02\/BCN-300x173.jpg 300w, https:\/\/istitutosuperioresezze.edu.it\/scuola\/wp-content\/uploads\/2026\/02\/BCN-433x250.jpg 433w, https:\/\/istitutosuperioresezze.edu.it\/scuola\/wp-content\/uploads\/2026\/02\/BCN.jpg 594w\" sizes=\"(max-width: 300px) 100vw, 300px\" \/> <img decoding=\"async\" class=\"alignnone size-medium wp-image-7342\" src=\"https:\/\/istitutosuperioresezze.edu.it\/scuola\/wp-content\/uploads\/2026\/02\/bordeaux-300x173.jpg\" alt=\"\" width=\"300\" height=\"173\" srcset=\"https:\/\/istitutosuperioresezze.edu.it\/scuola\/wp-content\/uploads\/2026\/02\/bordeaux-300x173.jpg 300w, https:\/\/istitutosuperioresezze.edu.it\/scuola\/wp-content\/uploads\/2026\/02\/bordeaux-433x250.jpg 433w, https:\/\/istitutosuperioresezze.edu.it\/scuola\/wp-content\/uploads\/2026\/02\/bordeaux.jpg 594w\" sizes=\"(max-width: 300px) 100vw, 300px\" \/><\/p>\n","protected":false},"excerpt":{"rendered":"<p>Il nostro Istituto non si ferma alle mura delle aule, ma continua ad ampliare i propri orizzonti confermandosi una realt\u00e0 in costante fermento. In un mondo sempre pi\u00f9 interconnesso, l&#8217;esperienza diretta all&#8217;estero rappresenta un tassello insostituibile [&hellip;]<\/p>\n","protected":false},"author":9,"featured_media":0,"parent":0,"menu_order":0,"comment_status":"closed","ping_status":"closed","template":"","meta":{"footnotes":""},"tags":[],"class_list":["post-7345","page","type-page","status-publish","hentry"],"_links":{"self":[{"href":"https:\/\/istitutosuperioresezze.edu.it\/scuola\/wp-json\/wp\/v2\/pages\/7345","targetHints":{"allow":["GET"]}}],"collection":[{"href":"https:\/\/istitutosuperioresezze.edu.it\/scuola\/wp-json\/wp\/v2\/pages"}],"about":[{"href":"https:\/\/istitutosuperioresezze.edu.it\/scuola\/wp-json\/wp\/v2\/types\/page"}],"author":[{"embeddable":true,"href":"https:\/\/istitutosuperioresezze.edu.it\/scuola\/wp-json\/wp\/v2\/users\/9"}],"replies":[{"embeddable":true,"href":"https:\/\/istitutosuperioresezze.edu.it\/scuola\/wp-json\/wp\/v2\/comments?post=7345"}],"version-history":[{"count":18,"href":"https:\/\/istitutosuperioresezze.edu.it\/scuola\/wp-json\/wp\/v2\/pages\/7345\/revisions"}],"predecessor-version":[{"id":8317,"href":"https:\/\/istitutosuperioresezze.edu.it\/scuola\/wp-json\/wp\/v2\/pages\/7345\/revisions\/8317"}],"wp:attachment":[{"href":"https:\/\/istitutosuperioresezze.edu.it\/scuola\/wp-json\/wp\/v2\/media?parent=7345"}],"wp:term":[{"taxonomy":"post_tag","embeddable":true,"href":"https:\/\/istitutosuperioresezze.edu.it\/scuola\/wp-json\/wp\/v2\/tags?post=7345"}],"curies":[{"name":"wp","href":"https:\/\/api.w.org\/{rel}","templated":true}]}}

<p data-path-to-node="4">Il nostro Istituto non si ferma alle mura delle aule, ma continua ad ampliare i propri orizzonti confermandosi una realtà in costante fermento. In un mondo sempre più interconnesso, l&#8217;esperienza diretta all&#8217;estero rappresenta un tassello insostituibile per la crescita personale, linguistica e professionale dei nostri ragazzi. È con questo spirito che la scuola sta portando avanti una serie di ambiziosi progetti di mobilità internazionale, trasformando l&#8217;Europa in un&#8217;estensione naturale del nostro campus.</p>
<h4 data-path-to-node="5">In viaggio per crescere: le esperienze FSL in corso</h4>
<p data-path-to-node="6">Proprio in questi giorni, l&#8217;entusiasmo dei nostri studenti sta animando due importanti centri europei. Due gruppi sono attualmente impegnati in esperienze di FSL (Formazione Scuola Lavoro, ex PCTO):</p>
<ul data-path-to-node="7">
<li>
<p data-path-to-node="7,0,0"><b data-path-to-node="7,0,0" data-index-in-node="0">Monaco di Baviera:</b> dove i ragazzi si stanno confrontando con la solida realtà economica e culturale tedesca.</p>
</li>
<li>
<p data-path-to-node="7,1,0"><b data-path-to-node="7,1,0" data-index-in-node="0">Nizza:</b> un&#8217;immersione totale nel contesto francofono, ideale per affinare le competenze linguistiche e relazionali. <a href="https://istitutosuperioresezze.edu.it/scuola/wp-content/uploads/2026/03/Le-voci-di-Nizza.pdf">Le voci di Nizza</a></p>
</li>
</ul>
<p data-path-to-node="8">Questi percorsi non sono semplici &#8220;gite&#8221;, ma vere e proprie palestre di vita che permettono agli studenti di mettersi alla prova in contesti reali, sviluppando quelle <i data-path-to-node="8" data-index-in-node="167">soft skills</i> oggi indispensabili, come l&#8217;adattabilità, l&#8217;autonomia e il problem-solving.</p>
<h4 data-path-to-node="9">Il progetto Erasmus: le prossime mete e l&#8217;accoglienza</h4>
<p data-path-to-node="3">La vocazione internazionale dell’Istituto ha trovato ulteriore slancio nelle settimane scorse grazie al consolidato programma Erasmus. L’agenda delle partenze, che si era presentata già fitta, ha visto tre gruppi di studenti fare i bagagli con destinazione: <b data-path-to-node="4,0,0" data-index-in-node="0">Hannover</b> (Germania), <b data-path-to-node="4,1,0" data-index-in-node="0">Barcellona</b> (Spagna), <b>Kaunas </b>(Lituania). Il racconto dell&#8217;evento a questo <a href="https://istitutosuperioresezze.edu.it/scuola/leuropa-si-incontra-a-sezze/">link</a>.</p>
<p data-path-to-node="5">Il valore formativo dell’Erasmus, tuttavia risiede anche nella sua straordinaria reciprocità. La dinamicità della nostra scuola si è espressa infatti non solo nella capacità di “esportare” i nostri talenti, ma anche nell’essere stata un polo di accoglienza. Nel mese di aprile, le nostre aule si sono aperte per ospitare diversi gruppi di studenti stranieri in arrivo dai Paesi partner.</p>
<header class="cartouche">
<h4><span class="titre"><span dir="auto">Viarmes-Sezze: uno scambio tra latinisti europei</span></span></h4>
<p data-path-to-node="4">Quest&#8217;anno, gli studenti di latino delle classi  hanno avviato un affascinante scambio epistolare con i loro coetanei del Collège &#8220;Blaise Pascal&#8221; di Viarmes, cittadina france nell&#8217;Île-de-France. Le lettere, rigorosamente scritte in <b data-path-to-node="5" data-index-in-node="37">lingua latina</b>, non sono semplici messaggi, ma vere opere d&#8217;arte: i nostri ragazzi stanno infatti sperimentando l&#8217;uso di calligrafie ispirate ai codici antichi e medievali, riscoprendo il valore della scrittura amanuense.</p>
<p data-path-to-node="7">Il progetto vivrà il suo momento più alto a <b data-path-to-node="7" data-index-in-node="44">maggio 2026</b>, quando avremo l&#8217;onore di ospitare qui a Sezze i nostri &#8220;amici di penna&#8221; francesi. Sarà un’occasione speciale di confronto culturale che coinvolgerà anche gli studenti più grandi, impegnati a far vivere ai nostri ospiti la bellezza del territorio e il fascino immortale di Roma. Al seguente <a href="https://clg-pascal-viarmes.ac-versailles.fr/spip.php?article737">link</a> i dettagli pubblicati dalla scuola di Viarmes.</p>
</header>
<h4 data-path-to-node="13">Un valore aggiunto per tutta la comunità scolastica</h4>
<p data-path-to-node="14">L&#8217;arrivo delle delegazioni europee ad aprile rappresenterà un momento di grande arricchimento anche per chi non parte. L&#8217;interscambio culturale quotidiano nei corridoi, il confronto sulle diverse metodologie di studio e la nascita di nuove amicizie internazionali contribuiranno a creare un ambiente multiculturale stimolante, rendendo l&#8217;intera comunità scolastica protagonista di questa apertura verso il mondo.</p>
<p data-path-to-node="15">Viaggiare, accogliere, confrontarsi: è questa la didattica che guarda al futuro.</p>
<p data-path-to-node="15"><img decoding="async" class="alignnone size-medium wp-image-7338" src="https://istitutosuperioresezze.edu.it/scuola/wp-content/uploads/2026/02/monaco-300x173.jpg" alt="" width="300" height="173" srcset="https://istitutosuperioresezze.edu.it/scuola/wp-content/uploads/2026/02/monaco-300x173.jpg 300w, https://istitutosuperioresezze.edu.it/scuola/wp-content/uploads/2026/02/monaco-433x250.jpg 433w, https://istitutosuperioresezze.edu.it/scuola/wp-content/uploads/2026/02/monaco.jpg 594w" sizes="(max-width: 300px) 100vw, 300px" /> <img decoding="async" class="alignnone size-medium wp-image-7339" src="https://istitutosuperioresezze.edu.it/scuola/wp-content/uploads/2026/02/nizza-300x173.jpg" alt="" width="300" height="173" srcset="https://istitutosuperioresezze.edu.it/scuola/wp-content/uploads/2026/02/nizza-300x173.jpg 300w, https://istitutosuperioresezze.edu.it/scuola/wp-content/uploads/2026/02/nizza-433x250.jpg 433w, https://istitutosuperioresezze.edu.it/scuola/wp-content/uploads/2026/02/nizza.jpg 594w" sizes="(max-width: 300px) 100vw, 300px" /> <img decoding="async" class="alignnone size-medium wp-image-7340" src="https://istitutosuperioresezze.edu.it/scuola/wp-content/uploads/2026/02/hannover-300x173.jpg" alt="" width="300" height="173" srcset="https://istitutosuperioresezze.edu.it/scuola/wp-content/uploads/2026/02/hannover-300x173.jpg 300w, https://istitutosuperioresezze.edu.it/scuola/wp-content/uploads/2026/02/hannover-433x250.jpg 433w, https://istitutosuperioresezze.edu.it/scuola/wp-content/uploads/2026/02/hannover.jpg 594w" sizes="(max-width: 300px) 100vw, 300px" /><img decoding="async" class="alignnone size-medium wp-image-7341" src="https://istitutosuperioresezze.edu.it/scuola/wp-content/uploads/2026/02/BCN-300x173.jpg" alt="" width="300" height="173" srcset="https://istitutosuperioresezze.edu.it/scuola/wp-content/uploads/2026/02/BCN-300x173.jpg 300w, https://istitutosuperioresezze.edu.it/scuola/wp-content/uploads/2026/02/BCN-433x250.jpg 433w, https://istitutosuperioresezze.edu.it/scuola/wp-content/uploads/2026/02/BCN.jpg 594w" sizes="(max-width: 300px) 100vw, 300px" /> <img decoding="async" class="alignnone size-medium wp-image-7342" src="https://istitutosuperioresezze.edu.it/scuola/wp-content/uploads/2026/02/bordeaux-300x173.jpg" alt="" width="300" height="173" srcset="https://istitutosuperioresezze.edu.it/scuola/wp-content/uploads/2026/02/bordeaux-300x173.jpg 300w, https://istitutosuperioresezze.edu.it/scuola/wp-content/uploads/2026/02/bordeaux-433x250.jpg 433w, https://istitutosuperioresezze.edu.it/scuola/wp-content/uploads/2026/02/bordeaux.jpg 594w" sizes="(max-width: 300px) 100vw, 300px" /></p>

<p>Il nostro Istituto non si ferma alle mura delle aule, ma continua ad ampliare i propri orizzonti confermandosi una realtà in costante fermento. In un mondo sempre più interconnesso, l&#8217;esperienza diretta all&#8217;estero rappresenta un tassello insostituibile [&hellip;]</p>
